62 (base 10) to base 8
-11115672
-28850 (base 11) to base 5
-2302303
Convert ec522 (base 15) to base 12.
30231b
1154026 (base 7) to base 4
210012031
What is -2528192 (base 12) in base 14?
-d74058
b7a86 (base 14) to base 13
127053
-34598 (base 11) to base 12
-24ab3
What is -e3d13 (base 16) in base 5?
-214330024
Convert 82a04 (base 13) to base 5.
30001301
Convert -12537341 (base 8) to base 3.
-12021022202201
-9324a (base 13) to base 3
-111102012021
What is -520245 (base 6) in base 4?
-22021211
Convert 50330503 (base 6) to base 11.
895205
-12867736 (base 9) to base 7
-105041634
-426029 (base 13) to base 3
-2221000202112
Convert 8723f (base 16) to base 7.
4463543
Convert -98554 (base 10) to base 5.
-11123204
-3516a2 (base 12) to base 8
-3201632
-4b40c (base 16) to base 5
-34330421
-b5140 (base 12) to base 16
-39d80
Convert -227fe (base 16) to base 3.
-21011211201
What is -10010100101101010010100 (base 2) in base 11?
-2829056
Convert 5643205 (base 10) to base 14.
a6c7c1
Convert 36270 (base 13) to base 8.
301736
6a9044 (base 14) to base 8
15675224
-9459 (base 15) to base 16
-7a7f
737655 (base 13) to base 9
5066310
2001b3 (base 15) to base 16
172e27
What is 1001110100111101111 (base 2) in base 3?
121100202002
-51d00 (base 14) to base 2
-110000001011111100
Convert -2011212210100 (base 3) to base 16.
-11af2d
-2222232103 (base 4) to base 14
-142bab
2222315 (base 9) to base 8
4437451
What is 150333120 (base 7) in base 8?
45730360
What is -724155 (base 9) in base 15?
-873e2
1231311211 (base 4) to base 3
211212010201
What is 76a98 (base 11) in base 4?
123102232
What is 1111011011110001111001 (base 2) in base 6?
222415121
Convert -7935a (base 11) to base 16.
-1c0ce
What is -424211400 (base 6) in base 14?
-dcaa48
2a7023 (base 15) to base 9
3762206
What is -39762 (base 15) in base 16?
-2ce6d
-96139 (base 11) to base 4
-202022032
-2412403 (base 6) to base 9
-212213
-100126314 (base 7) to base 2
-10110000101001111010010
-12011202010111 (base 3) to base 15
-394ee1
Convert -1501211 (base 8) to base 16.
-68289
Convert 54731 (base 14) to base 13.
720b7
Convert -2b4a0a9 (base 12) to base 7.
-134610411
What is 603401 (base 7) in base 14?
292a8
-3d39cc (base 15) to base 11
-1734359
-3e9298 (base 15) to base 4
-23200301303
Convert -104000240 (base 5) to base 6.
-13414043
Convert -27c16 (base 16) to base 7.
-1245514
33133323 (base 6) to base 15
148ec6
13126223 (base 9) to base 3
110010220020210
Convert c663b (base 14) to base 8.
1646735
-101212123 (base 4) to base 14
-1c3b5
-60c6dc (base 15) to base 9
-8577620
Convert 1226240 (base 8) to base 3.
122020011102
Convert 2554226 (base 7) to base 5.
41122303
What is -22202220002 (base 3) in base 6?
-3411302
What is 4663361 (base 7) in base 2?
10001111010100110111
What is 648021 (base 13) in base 15?
319220
What is -103013134 (base 8) in base 2?
-1000011000001011001011100
Convert -1303100200 (base 4) to base 6.
-14041344
-4b8b48 (base 15) to base 16
-374bee
Convert 10132455 (base 7) to base 15.
11b600
Convert 111111111000100111 (base 2) to base 15.
527eb
Convert 1400121 (base 6) to base 9.
127654
-45943 (base 12) to base 10
-92931
Convert -537294 (base 13) to base 15.
-28a226
What is -9a7529 (base 11) in base 10?
-1605822
-615045 (base 8) to base 11
-12981a
Convert -204793 (base 10) to base 6.
-4220041
Convert 120211211200 (base 3) to base 15.
62630
Convert 7d2c7 (base 15) to base 11.
252765
Convert -e39d (base 15) to base 16.
-bbc9
9827a (base 12) to base 4
301001332
What is -5467656 (base 8) in base 7?
-15332554
What is 20040 (base 9) in base 4?
3031212
Convert a10b61 (base 12) to base 16.
264f79
What is 2549826 (base 10) in base 4?
21232201002
What is 315a1 (base 11) in base 3?
2100001121
What is -33872 (base 12) in base 8?
-206026
-4aa5321 (base 12) to base 5
-12222224323
-2422353 (base 6) to base 9
-214006
What is 21313423 (base 7) in base 6?
102552211
Convert 1a6617a (base 11) to base 14.
667767
What is 2482797 (base 12) in base 2?
11011001110100111100011
-44c71 (base 16) to base 8
-1046161
What is 210508 (base 9) in base 16?
1e890
Convert -11000100011011110000001 (base 2) to base 11.
-36a701a
What is 130334214 (base 5) in base 3?
1012100112112
Convert -21212000201200 (base 3) to base 8.
-17727017
What is 4561850 (base 9) in base 8?
11310145
Convert 65498 (base 10) to base 13.
23a74
Convert -11018 (base 14) to base 2.
-1010000011011110
-1011111001101010001001 (base 2) to base 15
-419588
Convert 5b79c4 (base 14) to base 8.
13746650
724430 (base 8) to base 14
635d6
What is -110503 (base 11) in base 4?
-223002230
What is -1202221101 (base 3) in base 15?
-a54d
What is 2021011211 (base 3) in base 5?
2411344
-398810 (base 10) to base 4
-1201113122
What is 19511 (base 14) in base 6?
1212443
Convert -10344312324 (base 5) to base 12.
-396069b
-10611432 (base 9) to base 8
-23500512
What is -11111010111010000100 (base 2) in base 16?
-fae84
What is 2012002002 (base 4) in base 6?
15433350
What is 210200113 (base 4) in base 14?
3c6c7
-2577200 (base 9) to base 7
-14656542
Convert -250ad9 (base 16) to base 4.
-21100223121
What is 126016444 (base 7) in base 13?
18b50c3
-21202011011221 (base 3) to base 7
-46664215
Convert -3136305 (base 9) to base 12.
-68aa65
29420 (base 11) to base 13
1601b
Convert 175b1 (base 15) to base 13.
284cb
Convert -11504531 (base 6) to base 2.
-1011001011111000111
509a2 (base 11) to base 2
10010001010100110
Convert 729814 (base 13) to base 3.
12001000120211
What is 2a6b4b (base 15) in base 3?
10212001001022
Convert 11101211331 (base 4) to base 10.
1382781
Convert -100100100102211 (base 3) to base 5.
-2232420441
What is 39b675 (base 13) in base 14?
284b6d
Convert 17ff6 (base 16) to base 6.
2035022
130101131001 (base 4) to base 13
16c6620
-1322735 (base 9) to base 2
-10110000101100110111
Convert -65128 (base 10) to base 8.
-177150
-271364 (base 9) to base 13
-5a187
What is 3445044 (base 6) in base 7?
1336045
What is 167321 (base 12) in base 2?
1011110001100001001
Convert -1232020423 (base 5) to base 6.
-144155111
What is 101baa (base 13) in base 12?
161369
11100233 (base 7) to base 12
3a2575
-11061571 (base 9) to base 7
-63342112
Convert -224131332 (base 5) to base 12.
-405881
Convert -13a53 (base 16) to base 6.
-1420311
Convert 3473632 (base 8) to base 10.
948122
Convert -3110501 (base 6) to base 5.
-14233341
What is 1612758 (base 10) in base 16?
189bd6
What is 316b47 (base 16) in base 14?
604419
What is -63fd7 (base 16) in base 13?
-114557
73c0 (base 14) to base 15
5dae
-9415 (base 11) to base 12
-727b
32321033 (base 4) to base 5
3423012
-101000001011000010010 (base 2) to base 16
-141612
Convert 1140512 (base 6) to base 13.
212b4
Convert -33303333022 (base 4) to base 5.
-2030120343
-168340 (base 9) to base 2
-11001100001001110
What is 186288a (base 11) in base 2?
1100000001011010110111
What is -100001121100 (base 3) in base 15?
-37c7c
What is 123223330 (base 4) in base 6?
2233004
Convert 3665183 (base 9) to base 6.
110405120
What is cc07d (base 14) in base 2?
1111000100111001111
Convert 256741 (base 11) to base 12.
175aa1
-1201444332 (base 5) to base 3
-12012111200100
What is 84777 (base 11) in base 12?
5b49b
What is 1596427 (base 12) in base 14?
833875
What is -169970 (base 12) in base 13?
-10879b
-3516221 (base 7) to base 13
-125c99
What is -cdea (base 15) in base 13?
-16b34
Convert -1020002212 (base 3) to base 12.
-11b72
Convert -32143030 (base 5) to base 16.
-42518
Convert 25a47b (base 14) to base 9.
2384767
13243114 (base 5) to base 6
2513035
What is -12122222202 (base 3) in base 15?
-230a5
Convert 10220012101 (base 3) to base 14.
1dd3c
What is 52a70 (base 15) in base 10?
262230
Convert -3402047 (base 8) to base 11.
-578151
Convert -113806c (base 14) to base 10.
-8204656
What is -13331110 (base 4) in base 7?
-164014
10212112011222 (base 3) to base 4
13312102130
Convert 252649 (base 10) to base 15.
4ecd4
Convert 1001010110001010010111 (base 2) to base 7.
26553031
-443176 (base 12) to base 10
-1083690
-4250280 (base 9) to base 7
-25232124
Convert 13443340 (base 5) to base 12.
6935a
Convert 423104004 (base 5) to base 2.
110101111111100100110
-1103200303 (base 4) to base 12
-145b57
Convert 9b0 (base 14) to base 8.
3576
What is -4321508 (base 10) in base 3?
-22010112222212
What is -113410623 (base 7) in bas